e
Let m(o) = -10 - 63 - 16 + 2753*o - 4. Is m(4) a prime number?
False
Let x(w) = 1135*w + 35. Suppose 5*j - 4*g - 17 = 4*j, 5 = 4*j + 5*g. Let n be x(j). Suppose n = 14*o + 2196. Is o prime?
True
Let a = 153772 + -54065. Is a prime?
True
Suppose 0 = 2*j + 29*j + 33232. Suppose -5*r = -5*g + 9190, -3*g - 9187 = -8*g + 4*r. Let q = j + g. Is q composite?
True
Let m(f) = -2*f**3 + 4*f**2 - 6*f + 5. Let k be m(2). Let p(o) = -o**3 - o**2 + 9*o - 8. Is p(k) a prime number?
True
Suppose 22 = 8*n + 142. Let l = n - -3. Is (-2)/l + 9092/24 a composite number?
False
Let k(l) = -l**2 - 4*l + 1. Let w = -26 + 23. Let t be k(w). Is ((-1772)/8)/((-2)/t) composite?
False
Is (63 - 64)/(2/(-10)) + 228672 a composite number?
False
Let g(z) = -z**3 + 10*z**2 - 6*z - 25. Let m be g(9). Suppose -m*h - 1314 = -8*h. Let x = 224 + h. Is x prime?
True
Suppose 0 = 80*q - 102*q + 2817386. Is q a prime number?
False
Let l(a) = 2*a**3 + 12*a**2 + a - 26. Let s(x) = -4*x**3 - 26*x**2 - x + 51. Let y(g) = 5*l(g) + 3*s(g). Is y(-10) a prime number?
False
Suppose 112576 = -66*c + 25723942. Is c composite?
False
Let o(a) = -a**3 + 42*a**2 + 20*a - 6. Let t(f) = -f**3 + 28*f**2 + 13*f - 4. Let w(k) = 5*o(k) - 7*t(k). Suppose 9*n = 13*n + 20. Is w(n) prime?
True
Suppose -6*q - h + 3*h = 1162, 0 = -q - 5*h - 167. Suppose 0 = -f + 4*s - 2*s + 337, -2*f + 5*s = -675. Let t = f + q. Is t a composite number?
True
Let i = -5694 + 3934. Is ((-20)/12)/5 + i/(-6) prime?
True
Let q(x) = -4 - x + 62*x**2 - 35*x**2 + 2. Let o be q(-7). Suppose 0*v = 3*p - v - o, 0 = 2*p + 2*v - 888. Is p prime?
True
Let i(u) be the first derivative of -13*u**4/4 - 5*u**3/3 + 21*u**2/2 - 4*u - 34. Is i(-9) a prime number?
False
Let a = -2 - -4. Suppose v - 4*v = -6. Suppose 0*w = -2*w - a*d + 66, d + 60 = v*w. Is w a prime number?
True
Let t(u) = -2*u**2 + 12*u + 8. Let w be t(7). Let p be (4/w)/((-2)/14970). Suppose 4*f + 6*f - p = 0. Is f composite?
False
Suppose -4*n = -2*q + 29 + 3, n + 4 = 0. Let a(h) = -h**2 + 8*h + 6. Let p be a(q). Suppose -p*v = 881 - 4127. Is v a composite number?
False
Suppose -658207 = -4*p - 12*g + 7*g, -3*g = 4*p - 658217. Is p a prime number?
False
Suppose 3331647 = 49*x - 1950112. Is x prime?
True
Let s(u) be the first derivative of u**4/4 + 11*u**3/3 + 4*u**2 - 6*u - 2. Let r = 75 + -85. Is s(r) a prime number?
False
Suppose -2*s - 5*x = -392926, 431*x - 435*x = 2*s - 392922. Is s prime?
True
Let x(o) = o**2 - 5*o + 31134. Let n be x(0). Suppose -4*z - 2*z = -n. Is z a prime number?
True
Suppose -50*w + 175*w = 53875. Is w composite?
False
Let m(o) = 91*o + 69. Let a be 2/((42/(-9))/7) - -11. Is m(a) a prime number?
True
Let a(g) = -7*g - 58. Let c be a(-9). Suppose c*f - 1613 = -k + 2*f, 0 = -f - 2. Is k prime?
True
Let d(x) = -11*x**3 + 15*x**2 - 17*x + 2. Let y(l) = l**2 - l + 2. Let w(m) = -d(m) + y(m). Is w(7) prime?
False
Let y = -684 + 719. Let r(l) = 15*l**2 + 52*l - 121. Is r(y) a prime number?
False
Let g = 150 + -153. Is g/2*((-126625)/15 + 1) a composite number?
True
Let j = -83815 - -929532. Is j composite?
False
Suppose 170*v - 152*v = 2109654. Is v a prime number?
True
Let i(f) = -4*f + 20. Let d be i(4). Let k = 825 + -402. Suppose -u + k = d*t - 0*t, 0 = u + t - 429. Is u a prime number?
True
Let m(g) = -11*g - 27. Let z be m(15). Is 8/z*-59298 - 1/(-4) composite?
True
Let x = 2659 - 905. Suppose 0 = -m - 5*s + 877, 2*m + 5*s = 4*m - x. Is m prime?
True
Let a be (-2)/(-3) + 88/12 + -5. Suppose 3*q + 8647 = 5*s + 7*q, 3*s - a*q = 5172. Is s prime?
False
Let o(n) = n**2 + 5*n - 25. Let b be o(5). Suppose b*z - 3567 = 22*z. Is z prime?
False
Let z be -16404 + (-4)/(5 - (7 - 4)). Let n = z - -25293. Is n a prime number?
True
Let r(a) = 0 + 132*a**2 - 291*a + 146*a + 142*a + 14. Let t be r(-7). Suppose -2*f = -0*u - 3*u - 6499, -u = 2*f - t. Is f a prime number?
True
Let s = -145 + 129. Is (s/(-4) + -6)*1516/(-8) composite?
False
Suppose 129*a - 141*a + 486924 = 0. Is a a prime number?
True
Let d(c) = 484*c**2 + 63*c - 243. Is d(4) a prime number?
True
Let r be 0/(2 + (-3)/3). Suppose r = v + v. Suppose -2*i - 3*z + 763 = 0, -3*i + v*i = -5*z - 1192. Is i a prime number?
True
Suppose -m - 8 = -a - a, 0 = -2*a + 3*m + 8. Suppose 15 = 12*u - 9*u, 5*u - 17 = 2*p. Suppose a*n = -2*j + 498, 0 = 5*n + p*j - 81 - 549. Is n prime?
False
Let d = 28 + -23. Is -6526*d/(-12 + 2) a prime number?
False
Suppose -108*u + 1882067 = 3*a - 107*u, -5*a + 3136779 = 2*u. Is a composite?
True
Let t = 8587 - 3808. Suppose -13*b + 25 = -40. Suppose t = b*l - 5026. Is l prime?
False
Is (-2535)/(-135) + -19 + -2 + 194735/9 composite?
True
Let j(c) = 39 - 26 + 3*c**2 - 3*c**2 + c**2. Let i be j(16). Is (-34)/(-1 + 4 + i/(-89)) a prime number?
False
Suppose s + 12844 = 3*s. Suppose 0*a - s = -4*a - 2*j, -4*a - 3*j + 6427 = 0. Let o = -542 + a. Is o composite?
False
Let x(n) = 25*n - 23. Let t(l) = -12*l + 11. Let u(v) = -9*t(v) - 4*x(v). Let c(f) = 3*f**3 + 5*f**2 - 15*f - 2. Let k be c(2). Is u(k) a composite number?
False
Let l = 17540 - -148917. Is l composite?
False
Let n = 798973 - 402560. Is n a composite number?
False
Let i(c) = 17*c**3 - 2*c**2 + 2*c + 3. Let f(o) = -o**3 - 4*o**2 - o - 2. Let g be f(-4). Let v be i(g). Let s = -56 + v. Is s composite?
False
Let s(k) = 4394*k**2 - 13*k + 17. Let n = 343 - 341. Is s(n) a prime number?
False
Let k(t) = -447*t**3 - 29*t**2 - 132*t + 1. Is k(-4) a composite number?
True
Let k = -14 - -19. Suppose 27 = k*f - 33. Suppose -11*u = -f*u + 1733. Is u composite?
False
Suppose -47*y + 43*y + 11216 = 0. Suppose -4*i - 360 + y = 0. Is i a prime number?
False
Let y be (5/((-30)/(-3462)))/(1 - 0). Let w = y + 3130. Is w a prime number?
False
Let u(c) = -9590*c - 3. Let r = 114 + -115. Is u(r) a prime number?
True
Let j(s) = -9*s**2 + 5*s + 10. Let k be j(-2). Let a = 39 + k. Suppose -3*q - a*f + 984 = 0, -2*f - 1661 = -5*q - 0*q. Is q a prime number?
True
Let n(j) be the third derivative of -j**4/24 - j**3 + 4*j**2. Let x be n(-9). Suppose x*p - 180 = 3*m, 5*m + 111 = 3*p - 71. Is p prime?
True
Let r(q) = 8*q - 43. Let t(i) = -i + 1. Let n(j) = r(j) + 6*t(j). Let a be n(18). Is a/3 - (2990/(-6) + -5) composite?
False
Suppose -4*t + 13064 = -d - 42165, 0 = t + 5*d - 13802. Suppose 4*o - 3277 = t. Is o prime?
True
Suppose 75*d - 87*d - 3456 = 0. Is (473808/d)/(1/(-6)) composite?
False
Let d(a) = -2*a - 18. Let y(l) = -4*l - 35. Let x(b) = 5*d(b) - 3*y(b). Let g be x(-5). Suppose 3*v + 2357 = 7*v + 3*i, -2363 = -4*v - g*i. Is v composite?
False
Let a be (-1 - 0/(-3) - 3) + 2. Is 1063 + -1 + 0 - (3 + a) prime?
True
Let h(t) = 5*t**2 + 2*t + 1. Let n be h(-1). Suppose -84*a + 82*a + 1602 = 0. Suppose -a = -n*g + 3751. Is g prime?
False
Is 2/39 - (-2692323032)/15288 a prime number?
False
Let q = -493522 - -978723. Is q a prime number?
True
Let m = 2749 + -1511. Suppose 3*c - 4*i + 2507 = 0, -413 = -2*c - 3*i - 2107. Let s = m + c. Is s a prime number?
True
Let w be -2*((-33)/(-6) + -2). Let n(y) = -y**3 - 7*y**2 - 6*y - 34. Let z be n(w). Suppose -z*k - 662 = -10*k. Is k prime?
True
Suppose 0 = -3*n - j - 2428, 2*j - 247 = n + 553. Let q(t) = t**2 - t + 2721. Let o be q(0). Let i = n + o. Is i composite?
False
Let p(k) = -4*k + 2. Let h be p(2). Let y(d) = -d**2 - 3*d + 28. Let n be y(h). Suppose 0*m = n*m - 4490. Is m composite?
False
Suppose 175*p = 173*p + 66. Suppose 4*u - 44 = 4*c, -3*u + 0*c + c + 27 = 0. Is p - -2 - (2 + (4 - u)) a composite number?
False
Let d = 20 + -2. Let c be d/63 + ((-10821)/21)/1. Let n = c + 1218. Is n a prime number?
False
Let z(b) be the third derivative of 71*b**6/120 + b**4/12 + b**3/6 - 15*b**2. Let x be z(3). Suppose 6*r - 2*r = x. Is r composite?
True
Let j(t) be the second derivative of 0 + 7/2*t**2 - 16*t - 16/3*t**3. Is j(-8) a prime number?
True
Let f(t) = 2684*t**2 - 1. Let x(m) = -m**3 - 15*m**2 - 14*m + 6. Let v be x(-14). Suppose 0 = 5*a - v + 1. Is f(a) prime?
True
Let y(n) = -n**3 + 3*n**2 + n. Let o be y(3). Let h = -110 - -113. Suppose -h*v - 4*c = -647, -o*v + c + 641 = 2*c. Is v composite?
True
Let b = -3 - -3. Let d be (-4 + b/5)*(-83 + 1). Let g = -165 + d. Is g composite?
False
Suppose 0 = t + 4*q - 8, 2*t - q + 2 = -0*t. Suppose 0 = 4*p - t*p + r + 13, -4*p = 2*r + 10. Is (-1)/(p + (-46)/(-12